of c?
6
Let x be 0*-1*(-1)/3. Suppose -5*y + y + 432 = x. Suppose 3*m = 21 + y. What is the units digit of m?
3
Let n(r) = r**2. Let u be n(3). Let b = 13 - u. What is the tens digit of 2/b + (-53)/(-2)?
2
Suppose -3*w - g - 92 = -2*w, 3*w - 4*g = -241. Let i = w - -122. What is the units digit of i?
5
Let y(o) = 19*o + 29. Let r(i) = -39*i - 59. Let l(x) = -4*r(x) - 7*y(x). What is the hundreds digit of l(9)?
2
Let y be (-524)/22 - 4/22. Let p be ((-3)/2)/(12/y). Suppose p*f = -0*f + 39. What is the tens digit of f?
1
Let h = -33 + 43. Suppose -70 = -6*q - h. What is the units digit of q?
0
Let w = -892 + 2596. What is the thousands digit of w?
1
Suppose -5*w - 102 + 32 = 0. Let r = 12 + w. What is the tens digit of r/(-7) + (-768)/(-56)?
1
Let x = -62 + 32. Let o be -1*35*x/50. What is the tens digit of ((-266)/o)/((-2)/9)?
5
Let t be (-1)/(-1 + 3 + -3). Let a be t + -4 + 12 + 1. Suppose 0 = -14*i + a*i + 152. What is the units digit of i?
8
Let n = -2 + -3. Let b = n + 7. What is the units digit of 8*5/(5/b)?
6
Let t(f) = -7*f + 2. Let j(m) = m + 2. Let h be j(-1). Suppose -2*l - h = -l - 2*n, 0 = 5*l + 2*n + 17. What is the tens digit of t(l)?
2
Let a(g) = g**2 - 19*g + 11. Let x be a(18). What is the units digit of x/((-15)/(-25) - 112/170)?
9
Let s(g) = -g**3 + g**2 - 3*g - 16. Let x be s(0). Let b be 382/14 - (-2)/(-7). Let j = x + b. What is the units digit of j?
1
Let b(r) = -175*r + 98. What is the hundreds digit of b(-4)?
7
Suppose 820 = -14*v + 18*v. What is the tens digit of v?
0
Let n(a) = 90*a - 251. What is the units digit of n(15)?
9
Let h(t) = t**2 + 18*t + 15. Let b be h(-17). Let r be (-213)/b + 3/2. What is the tens digit of r/(-2)*(-11)/22?
2
Let k(n) be the third derivative of -n**6/24 - n**5/30 + 7*n**4/24 + 2*n**3/3 - 5*n**2. What is the tens digit of k(-3)?
0
Let p be (-3 + (-24)/(-3))*(-6)/10. What is the units digit of 32/((-2)/6*p)?
2
Let s = -676 + 2055. What is the tens digit of s?
7
Suppose -5*j = -22*j + 74868. What is the tens digit of j?
0
Let i(y) = -39*y - 211. What is the hundreds digit of i(-12)?
2
Let t(o) = o**3 - 6*o**2 - 9*o + 2. Let a be t(8). Let g = -34 - -54. What is the tens digit of a/4 + 30/g?
1
Suppose 2*m = -3*m, 0 = -3*g + 3*m + 1278. Suppose 0*y = 6*y - g. What is the units digit of y?
1
Let m be 43/2 + (-54)/(-36). Let f = 4 + -9. Let z = m - f. What is the tens digit of z?
2
Suppose -7*s = -6*s. Suppose 2*j + a = 37, -j + s*j + 41 = 5*a. Suppose -o + 41 = b, -3*o - j = -b + 25. What is the tens digit of b?
4
Suppose 8 - 14 = -3*z. Suppose -5*d + 49 = 5*n - 2*n, -11 = -d - n. Suppose 162 = -z*c + d*c. What is the tens digit of c?
2
Let n = -8 - -12. Let j(u) = u - 2. Let p be j(n). What is the units digit of (1*(3 - p))/1?
1
Suppose -15*z = -9*z - 144. Suppose t - z = -2*i, 3*i - 4*t + 14 = 61. What is the units digit of i?
3
Suppose -3*x + 1522 = -1298. What is the hundreds digit of x?
9
What is the thousands digit of 2/6 - 555726/(-207)?
2
Let i(f) = f**3 - 3*f**2 - 3*f - 2. Let k be i(3). What is the units digit of k - -12 - (-9 + 1)?
9
Let h(q) = q**2 - 15*q + 251. What is the tens digit of h(35)?
5
What is the tens digit of (-17810)/(-45) - ((-129)/(-27) + -5)?
9
Let h(k) = 3*k**2 - 57*k - 1. Let o be h(19). Let z = 13 + -8. Let m = z - o. What is the units digit of m?
6
Let v = 11492 - 8009. What is the hundreds digit of v?
4
Let j(x) = -x**2 + x + 4. Let u be j(3). Let a(z) = -z - 59*z + 25*z + 5*z - 7. What is the units digit of a(u)?
3
Let j be 102 - 4*(-3)/(-6). Suppose 0 = -m + 4*z - 11, -j = 3*m - 5*z - 32. Let a = 52 + m. What is the tens digit of a?
2
What is the tens digit of (-5)/3 + (-13890)/(-45)?
0
Suppose -4*s - 4*i - i + 251 = 0, 4*s + 2*i = 266. Suppose -3*x = 6*b - 2*b - 53, -3*b - s = -5*x. What is the units digit of x?
5
Let i(z) = z**2 - 2*z. Let j = -5 + 8. Let l be i(j). Suppose -u = -l*x - 10, x - 18 = -2*u + 6*x. What is the units digit of u?
4
Let i(p) = p**3 - 6*p**2 + 7*p + 3. Let q(j) = j - 2. Let f be q(8). Let d be i(f). What is the tens digit of -13 - -11 - d/(-1)?
4
Suppose 6*p - 5*p + 11 = 0. Let h = p - -28. Suppose y - 4 = h. What is the tens digit of y?
2
Let z = 228 + 253. What is the units digit of z/52 + -1*(-1)/(-4)?
9
Let w(x) = -4 + x + 3*x**2 - 5*x + 3*x. Let u be w(-2). Suppose 5*n - u = 5. What is the units digit of n?
3
Let y = 32 - 32. Suppose y = -s - 5*s + 198. What is the tens digit of s?
3
Let z(y) = y**3 + 20*y**2 - 25*y - 81. What is the thousands digit of z(14)?
6
Let d be 75/24 - (-4)/(-32). Suppose -d*t = -0*t - 9. Suppose t*w + 42 = 114. What is the tens digit of w?
2
Let p(a) = a**2 + 3*a + 2. Let g be p(-3). What is the hundreds digit of (g + -3)*-106 + -2?
1
Suppose 13383 = 11*d - 16548. What is the hundreds digit of d?
7
Suppose 0 = -30*l - 5*l + 16450. What is the units digit of l?
0
Suppose 2843 = 3*w + 311. What is the units digit of w?
4
Let u be 3/(2 - 11/4). Let m be 234/(-15) - (-2)/(-5). What is the units digit of 4*u/m - -37?
8
Suppose -4*r = 117 + 23. Let q = r - -16. Let v = 28 + q. What is the units digit of v?
9
Let v = 989 + -532. What is the hundreds digit of v?
4
Suppose -v + 1455 = -9*r + 11*r, v - 1446 = r. What is the units digit of v?
9
Let l(x) be the first derivative of 9*x**2/2 - 3*x + 7. Let o(k) = -10*k + 4. Let c(r) = 5*l(r) + 4*o(r). What is the units digit of c(4)?
1
Suppose -4*t = -463 - 381. Let m = t - 126. What is the tens digit of m?
8
Suppose -10*v + 9644 = 2384. What is the tens digit of v?
2
Suppose 6*x - 2*x - 4206 = -2*n, -2*n = 2*x - 4198. What is the thousands digit of n?
2
Suppose 58*t = 56*t + 210. What is the hundreds digit of t?
1
Suppose -4*a = 4*w - 4900, -1095 - 154 = -a + 5*w. What is the hundreds digit of a?
2
Suppose 5*a + h = 735 + 695, 3*a + 3*h = 870. Let t = a - 86. What is the tens digit of t?
9
Suppose -2*r = 4*q - 126, q - 324 = 2*r - 7*r. What is the tens digit of r?
6
Suppose 3*i = -s + 207, 0*i + i - 76 = 2*s. Let z be 2/(-4)*1*-4. Suppose i = 3*f - 5*c, -3*c - 56 = -z*f - 9. What is the units digit of f?
5
Let m be (-2 - 4234/(-18)) + (-60)/270. Suppose v - 5*s - m = 0, 0*s + 5*s = 2*v - 486. What is the units digit of v?
3
Let u = 46 - 42. Let v(h) = 3*h**3 + 2*h**2 - 3*h + 10. What is the hundreds digit of v(u)?
2
Let n(h) = h**3 - 24*h**2 + 23. Let q be n(24). Let g = 38 - q. What is the tens digit of g?
1
Let n be -2 - (-6 - (-3)/(-1)). Let b be (-2 + 7)*133/n. Let v = b - 47. What is the tens digit of v?
4
Suppose 22*i - 105963 = -13387. What is the units digit of i?
8
Let y = 443 - 183. Suppose 5*f = -5*u + 115 + y, -365 = -5*u - 3*f. What is the tens digit of u?
7
Let f = 419 - -26. What is the units digit of f?
5
What is the hundreds digit of (41/(-6) - -7) + (-30129)/(-18)?
6
Let o(r) = 8*r - 6. Let s be o(4). Let h = s + 78. Suppose j + 2*j + 44 = m, -3*m + h = 5*j. What is the tens digit of m?
3
Let s be (-3 + (-12)/(-4))/(1 + -3). Suppose z - 11*z + 600 = s. What is the units digit of z?
0
Let b be ((-10)/25)/(8/(-100)). Let s = -16 + 32. Suppose 0 = 4*a - b*a + s. What is the units digit of a?
6
Let c be 94/10 - (-14)/(-35) - 0. Let z(b) = 5*b + 40. What is the tens digit of z(c)?
8
Suppose 3*x = x + 138. Suppose -m - 2*m = x. What is the units digit of (-1 - (m - 3)) + 0?
5
Let u(n) = 5*n + 32 - n - 31. What is the units digit of u(1)?
5
Suppose -672 = -5*w - 5342. Let k = -664 - w. What is the tens digit of k?
7
Let t(i) be the second derivative of -i**5/20 - i**4/2 - i**3/3 + i**2 + 4*i. What is the tens digit of t(-7)?
6
Suppose -4*r - 5*t + 9 = 0, -r - 8 - 11 = -3*t. Let j = r - -4. Suppose 6*l - p - 136 = 2*l, -l + p + 31 = j. What is the units digit of l?
5
Let t be (-1 - -7)/(12/186). Let a = 144 - t. What is the units digit of a?
1
Let v be 252/(-10) - (-3)/15. Let n = v + -36. Let t = 93 + n. What is the units digit of t?
2
Suppose -3612 = -10*z + 2758. What is the hundreds digit of z?
6
What is the units digit of (-310)/124 - (20241/(-6))/3?
2
Let m(p) = 9*p + 2 - 35*p - 32*p. Let d be m(-3). Suppose 4*j - d = -64. What is the tens digit of j?
2
Suppose -z - 207 = -3*d + d, -2*d = 5*z - 225. What is the hundreds digit of d?
1
Let m be (-10040)/(-15) + 4/6. Suppose o - m = -5*v, -3*o + 235 = 2*v - 20. What is the units digit of v?
5
Let